*r - 2*w + 187 = 0, r - 11 = w + 32. What is the highest common divisor of y and r?
13
Let r = -4 + 12. What is the highest common divisor of 2 and r?
2
Let y(b) = 5*b - 12. Let a be y(5). Suppose -4*c + a + 27 = 0. Suppose 74 = 4*n - 366. What is the highest common factor of c and n?
10
Let h be ((-473)/33)/(2/(-6)). Suppose 0*p - 236 = -4*p - 4*x, p - h = -5*x. Let b be (-34)/(-4) + (-2)/(-4). What is the highest common factor of b and p?
9
Let p = 17 - 3. Let u(j) = -18*j + 10. Let v(i) = -9*i**2 + 2*i - 1. Let o be v(1). Let x be u(o). Calculate the greatest common factor of p and x.
14
Let j = -4 - -4. Let p be (3 - j) + 48 + -6. What is the highest common factor of p and 18?
9
Suppose 0*v - 5*a = 4*v - 340, -5*v + 3*a = -388. Let m(k) = -2*k - 2. Let t be m(-6). What is the greatest common divisor of v and t?
10
Let i be 4 + 0 - 36/(-2). Calculate the highest common divisor of i and 22.
22
Let d = 1 - -1. Let y be (10/(-4))/((-1)/2). Suppose -2*a + 0*t = -y*t - 41, -5*t - 33 = -a. What is the highest common factor of d and a?
2
Let s(l) = l + 7. Let y be s(-7). Suppose y*w = w - 48. Suppose -3*m = r + 13 - 44, w = 4*m - 2*r. What is the greatest common factor of m and 99?
11
Suppose 110 = 2*o + 3*o. Suppose 5*s + k - 36 = 78, 0 = -s - k + o. Calculate the greatest common factor of s and 115.
23
Suppose -2*r = 3*m + r - 48, 3*m + 2*r - 52 = 0. What is the highest common factor of 20 and m?
20
Suppose 3*l = 8*l - 25. Suppose 5 = -0*s + l*s. Let a be (2 - s)/(3/33). Calculate the highest common divisor of 11 and a.
11
Let h be (-34)/(-5) + (-9)/(-45). What is the greatest common factor of h and 49?
7
Let i be 6/9 + 4/3. Suppose -i*o + 5*b - 10 = -40, 5*o - 4*b - 109 = 0. Calculate the greatest common factor of o and 250.
25
Suppose 3*o + 12 = 30. Suppose 0 = -5*x + 4 + o. Suppose -5*j + 47 = 5*b - 213, x*j - 98 = -5*b. Calculate the greatest common factor of 6 and j.
6
Let s(m) = -m**2 - 9*m + 2. Let l be s(-9). Let p be 0*((-5)/l)/5. Suppose w = -p*w + 72. What is the highest common divisor of 9 and w?
9
Let t(x) = x**3 - 4*x**2 - 4*x - 3. Let c be t(5). Suppose 0 = 3*a + c*a - 55. Suppose -a = 2*h - 3*h. What is the greatest common divisor of h and 22?
11
Let j be 2/6 - 58/(-6). Let m(b) = 5 + j*b - 1 - 24*b. Let o be m(-6). What is the greatest common divisor of o and 11?
11
Let q be (-78)/(-8) + (-1)/(-4). Suppose 0 = -d + x + 9, 3*d - 5*x - 35 = -q. What is the highest common divisor of d and 15?
5
Suppose 77 = 6*c + 5. Let w = -86 + 122. Calculate the highest common factor of c and w.
12
Suppose -4*v + 24 = -5*g, 4*v + 7 = -2*g + 3*v. Let w be 185/20 + 1/g. What is the greatest common divisor of 36 and w?
9
Let m(g) = -g - 5*g**3 + 3*g**2 + 0*g**2 + 3*g**2 - 7*g**2. Let o be m(-1). Calculate the greatest common factor of o and 5.
5
Suppose 2*h = 4*o - 270, 0 = -3*o - h - 0*h + 195. Calculate the highest common factor of o and 44.
22
Suppose 3*r = 2*b - 261, 5*r = -3*b - b + 533. Let f(n) = n**3 + 9*n**2 - 12*n - 8. Let u be f(-10). What is the greatest common divisor of b and u?
12
Let o be (-3)/(24/(-9) + 3). Let n(h) = -h**3 - 9*h**2 - h - 5. Let x be n(o). Let v = -30 + 42. Calculate the highest common factor of x and v.
4
Suppose -2*t + 64 = y, 2*y - 4 = 4. Calculate the greatest common divisor of t and 75.
15
Let j = -73 - -91. Calculate the highest common factor of j and 27.
9
Let g be 69*(-2 + 3)/(-3). Let z = g + 32. What is the greatest common factor of z and 18?
9
Let m be -144 - (2 - (3 - 1)). Let u = m + 372. Suppose -4 = -2*q + 2, -u = -3*f + 4*q. What is the highest common divisor of f and 20?
20
Let a(b) = 4*b**2 - 2*b - 6. Let v be a(-4). What is the highest common divisor of v and 6?
6
Suppose 2 = 2*t - 2. Let g be 3/(-12) - 13/(-4). Suppose -g*d + t*d = -12. What is the greatest common divisor of d and 4?
4
Let b be 2/10 - (-1812)/15. What is the highest common divisor of b and 11?
11
Let o be (-12*6/(-16))/((-1)/(-2)). What is the highest common factor of o and 1?
1
Let b(r) = r**2 + 3*r - 4. Let n be b(6). Let i = -20 - -25. Suppose a = f + i + 5, 3*a - n = -2*f. What is the highest common divisor of a and 154?
14
Suppose 0 = k + 1 - 8. Let c = -3 - -4. Let w be c/2 + k/2. Calculate the greatest common divisor of 2 and w.
2
Let r(s) = s**3 + 7*s**2 + 5*s - 2. Let z be r(-6). Let p = -2 + z. Calculate the greatest common divisor of p and 6.
2
Suppose -3 = -3*x + 5*z, -z - 2 = -2*x - 0*z. Let q = -2 + x. Let r be 232 + (1 - 0)/q. Calculate the highest common factor of 21 and r.
21
Let b be (-254)/(-14) + (-4)/28. Calculate the greatest common divisor of b and 126.
18
Let b be 786/12 + 2/4. Suppose 0 = 3*h - 0*h - b. Let c = h + -16. What is the greatest common factor of 42 and c?
6
Let d be -5 - (-61 + -4)/1. Suppose -21 = 4*s - 621. Calculate the greatest common factor of s and d.
30
Let c = 11 - 7. Suppose c*g = 7*g - 51. Calculate the greatest common divisor of 153 and g.
17
Let f be (-2170)/(-15) + 2/(-3). What is the greatest common divisor of 18 and f?
18
Let b = -2 - -18. Suppose -b = -u + 4. Calculate the highest common factor of u and 20.
20
Suppose 223 + 134 = 3*r. Suppose 2*l - r = 77. Let h(p) = -4*p - 6. Let q be h(-5). Calculate the highest common factor of l and q.
14
Let m be (72/(-32))/((-1)/4). Calculate the greatest common divisor of 36 and m.
9
Suppose -3*f + 0*f + 99 = 0. Calculate the highest common divisor of 3 and f.
3
Let z be 1/(-4) - (-34)/8. Suppose 0*a = -z*a + 8. Suppose q = 2*q - 8. What is the highest common divisor of a and q?
2
Let d = 25 + -18. Let r(g) = -g + 16. Let x be r(d). Let j be (-3)/(3/(x*-8)). What is the highest common factor of j and 9?
9
Let o(h) = -16*h - 3. Suppose 2 + 4 = -3*n. Let q be o(n). Suppose 0*i - 2*i + 5*z + 25 = 0, -q = -4*i + 3*z. Calculate the highest common divisor of 15 and i.
5
Let k(v) = -9*v**3 + 2*v**2 - 1. Let f be k(1). Let g = 32 + f. Calculate the highest common factor of g and 60.
12
Let h be 20*((-2)/16)/((-5)/50). Let r = 120 - -80. What is the highest common divisor of r and h?
25
Let v be (-18)/(-3) - (-9 - -14). What is the highest common divisor of 16 and v?
1
Suppose 106 = 5*r - 3*s, r - 14 = -19*s + 16*s. Suppose 174 = 5*y + 24. What is the highest common factor of y and r?
10
Suppose -l = 4*l - 20. Suppose -2*w - l*d + 14 = 3*w, d = 5*w - 9. Calculate the highest common factor of 2 and w.
2
Suppose -6*h + 1320 = -2*h. What is the highest common divisor of h and 30?
30
Suppose -4*c + 7 = -1. Suppose -m - 5*g - c = 0, 13 = 4*m - g - 21. What is the greatest common divisor of m and 20?
4
Suppose -1404 = -20*l - 7*l. Suppose -m = 5*s - 4*m + 91, 0 = -s - 4*m - 32. Let z = -7 - s. What is the greatest common factor of l and z?
13
Let f(w) = w**3 + 4*w**2 + 2*w + 4. Let t be f(-4). Let b be 4/(((-2)/1)/t). Let h = -8 + 40. What is the highest common factor of h and b?
8
Suppose -2 - 15 = -n. Let j be 3*(303/9 + 2). Let h = 192 - j. What is the highest common factor of h and n?
17
Let y(d) = -d**3 + 8*d**2 + 8*d + 21. Let p be y(9). Calculate the highest common factor of p and 3.
3
Let y = 38 - -17. What is the highest common factor of y and 22?
11
Suppose -4*l = -81 - 95. Let b be l/(-11)*(-31)/2. Calculate the highest common factor of 93 and b.
31
Suppose -4*r = 8, 0 = c - 2*r - 18. Let x = c + -5. Calculate the greatest common divisor of x and 9.
9
Let i(f) = -f**2 + 18*f - 13. Let l be i(9). Let u = -24 + l. Let y be 84/(-8)*u/(-3). Calculate the highest common divisor of y and 14.
14
Let p = -76 - -106. What is the highest common divisor of 20 and p?
10
Suppose -2*h + 32 = 5*t, 5*t + 5*h - 20 = -0*t. Suppose -4*i = -9*i - 135. Let x be ((-144)/i)/(2/12). What is the greatest common divisor of x and t?
8
Suppose 3 + 102 = 5*o. Let v be ((-315)/36)/((-1)/24). Suppose y - 42 = -h, 8*y = 3*y + 2*h + v. Calculate the greatest common factor of y and o.
21
Let b be 20*6/12 + (1 - -2). What is the highest common factor of b and 143?
13
Suppose 4*u + 3*f = -36 + 286, -u - 5*f + 54 = 0. What is the highest common divisor of 8 and u?
8
Suppose 32 = 3*n - u + 9, -5*n + 5*u = -55. Let v = -4 + n. Suppose b + 22 = x + 5*b, v*b = -3*x + 36. What is the highest common factor of 2 and x?
2
Suppose 9 = 3*u + 4*x - 9, x - 9 = -3*u. Let h = u - -4. C